ose -4*r + 3*r = -a. Is r a composite number?
True
Let z(d) = -d**2 + d + 3634. Let o be z(0). Let k = 5393 - o. Is k prime?
True
Suppose 6*i - 4*i + 4*l = 36866, -l = -2*i + 36861. Is i a prime number?
False
Let c(i) = i**2 + 1. Suppose 0 = 5*b - 3 - 2. Let f be c(b). Suppose 3*s + 3*o + o - 791 = 0, s - 267 = -f*o. Is s a prime number?
True
Let c be (6/(-15))/((-3)/45). Suppose -115 = -c*z + 7271. Is z a prime number?
True
Let j = 31 + -36. Let m be 3/(j*(-1)/5). Suppose m*c - v = 1417, c + 3*v - 479 = -0*c. Is c prime?
False
Suppose 2*r - 853 = -243. Suppose 0 = -4*b - 367 - r. Let j = -53 - b. Is j a composite number?
True
Let b be (-24)/(-14)*(-4 - -11). Let u be b + -10 - 0/(-2). Suppose -3*d + 674 = -q, 3*d - u*d + 5*q = 198. Is d a prime number?
True
Let a be 10/(-15) - (-7)/(-3). Let b be ((-21)/9)/(a/(-225)). Let n = 336 + b. Is n composite?
True
Is 37319 - 7 - (14/7 - -3) a prime number?
True
Suppose 0*j + a - 15 = 2*j, 5*j + 3*a = -10. Let q(z) = -5*z**3 + z**2 - z + 4. Is q(j) composite?
False
Is (-8190)/(-9) + 3/1 composite?
True
Suppose -7 + 923 = -4*w. Let t = -41 - w. Let a = -91 + t. Is a composite?
False
Let v be (-12)/18 + 14/(-6) - -5. Suppose -o = v*y - 0*o - 1499, 4*y = o + 2995. Is y composite?
True
Suppose 4*o - 27920 = -2*u + 59778, -o + 21935 = 4*u. Suppose 18*q - 21907 - o = 0. Is q a prime number?
False
Is (4/(-3))/(20/(-182955)) composite?
False
Is (-1)/((-2)/10)*(-15117)/(-15) a composite number?
False
Let v = 24858 - -3343. Is v a composite number?
False
Let q(u) = 434*u - 199. Is q(18) a composite number?
True
Let w = 555 - -760. Is w a composite number?
True
Let s(q) = 9*q**2 + 2*q - 2. Let z be (-2)/10 - (-264)/(-55). Is s(z) composite?
True
Suppose z - 5*l - 69 = 0, 6*z + 2*l = 8*z - 146. Is z composite?
True
Let j be (-6)/9 - 105/(-9). Suppose 13*p = j*p. Suppose p = 3*a - 1096 - 113. Is a composite?
True
Suppose -22*u = -27*u - 4*f + 5755, -2*f = 0. Is u prime?
True
Suppose -7*c = -3*f - 2*c + 25, -5*c = -5*f + 25. Suppose f = -3*j + j - 868. Let i = -171 - j. Is i a prime number?
True
Is (2/(-3))/((-48)/1020456) a composite number?
False
Suppose -6*g + 2*g + 7*z = -282563, 0 = 2*g - 2*z - 141280. Is g a composite number?
False
Suppose 0 = -11*j + 7*j + 20. Suppose 0 = 2*z - 3*s + s - 44, -j*z + 126 = -s. Let v = z + 281. Is v a prime number?
True
Suppose -4383 + 20013 = 10*m. Is m composite?
True
Let l be (-10)/35 - 15/21. Let k be l*(-14 + (-3 - -1)). Let y = k + 10. Is y prime?
False
Let o be ((-3)/((-9)/30))/2. Suppose 3*k = y - 1118, -4*k - o*y - 1745 = -286. Is k*2*(-2)/4 prime?
False
Suppose -3*j = -2*j - 1, 5*j = -2*f + 97. Let n be 10/(-4) - 39/26. Is f/(-3)*(-7 - n) prime?
False
Suppose 3*y - 3 - 3 = 0. Suppose y*m - 4*b = 5274, 2*m - 2*b + 4*b = 5262. Is m a prime number?
True
Let t(f) = 4*f**2 - 11*f + 6*f**2 - 163 + 162 - f**3. Is t(8) a composite number?
True
Let k(x) = -56*x - 53. Let b be (-51)/85 - 77/5. Is k(b) a prime number?
False
Let s(m) = 2*m**2 + 3*m + 3254. Is s(0) prime?
False
Let n be (1 + 2)*((-72)/(-9) + -10). Is 4/12 + (-4504)/n a prime number?
True
Let u(r) = -3*r - 18. Let p be u(-7). Suppose -y - p*y = -3604. Is y a composite number?
True
Let h(x) be the first derivative of 293*x**2 + x + 30. Is h(1) a prime number?
True
Let j = 658 - -3061. Is j prime?
True
Suppose -2*m = -823 - 79. Suppose j - 111 = 2*z, -5*z + 117 = -3*j + m. Is j prime?
True
Let c(a) be the second derivative of a**4/12 + 2*a**3 + 12*a**2 + 12*a. Let z be c(-10). Let y(h) = 41*h - 1. Is y(z) a prime number?
True
Let v = -27795 - -44932. Is v a composite number?
False
Let o be -1 + 4 + -4 + (-4)/(-1). Suppose -5*v + 30639 = 4*s, o*v = -8*s + 3*s + 18373. Is v composite?
False
Suppose 0 = 234*v - 235*v + 2467. Is v prime?
True
Suppose -2*y - 26*a + 29*a = -12412, 5*y - 31055 = -5*a. Is y prime?
False
Is ((-2)/(-3))/(3 + 1176021/(-392013)) a composite number?
False
Let d = 7885 + 1792. Is d a composite number?
False
Let p = -13576 + 31877. Is p composite?
False
Suppose 14*y = 28*y - 531314. Is y prime?
True
Let u(c) = -11*c**2 + 9*c - 2 - 9*c**3 - 6*c**3 + 16*c**3. Let a be u(9). Let k = 95 - a. Is k composite?
True
Suppose 38*r = -498622 + 3264756. Is r a composite number?
True
Let x be (10 - 2) + -5 + 1. Suppose -16 = -4*h - x. Suppose 0 = 3*g + 2 - 5, -h*f - 3*g = -906. Is f a composite number?
True
Let m = -101 - -509. Is ((-222)/(-4))/(36/m) a prime number?
False
Suppose 9*l = -152 + 44. Let f = l - -91. Is f composite?
False
Suppose -2*f + 8 = 5*v + 10, -5*f = 5*v + 5. Is 505 + 63/42*(f + -1) a composite number?
True
Suppose 4*m + 39 = -5*l, 3*l = 3*m - l + 6. Suppose -3*t = 21 + 51. Is ((-2008)/t)/((-2)/m) prime?
True
Suppose 17*i + 32196 = 471493. Is i composite?
False
Let q(b) = -56*b + 6. Let c be q(-10). Let f be 0 + (1 - 407) + 3. Let s = c + f. Is s a prime number?
True
Let w(x) = -309*x - 31. Let v be w(-15). Suppose 0 = 8*y - 7532 - v. Is y composite?
True
Let i(f) = 47*f + 48. Let d be i(-5). Let g be 4/(0 - (-1)/(-27)). Let h = g - d. Is h a composite number?
False
Suppose -3*j = 2*v - 3396, -4*j + 4*v = v - 4545. Suppose 0 = 2*q + 3*f - 0*f - 1088, 0 = -5*q + 2*f + 2701. Let s = j - q. Is s a prime number?
True
Suppose 2*q + 21 = 4*b - 39, 14 = 2*b + 3*q. Suppose -11*r = -b*r + 434. Is r a composite number?
True
Suppose -2*l = 3*l - 3*f + 487, 0 = -5*l + 4*f - 486. Let g be 224/l - (-2)/7. Is -4 + (-6)/g - -32 a composite number?
False
Let y(l) = -5 + 0*l**3 + l - 2*l**2 + l**2 + 2*l**3 + 0*l**3. Is y(6) prime?
True
Let s be (1 - -4)*145120/100. Is (10/(-8))/((-2)/s*1) composite?
True
Let b = 102 + -100. Suppose 2*d = -b*q + q + 376, -5*q = -2*d - 1916. Is q a prime number?
False
Suppose 4*i = 10*i - 138. Let p = 54 - i. Let m = -16 + p. Is m a composite number?
True
Suppose 3*y - 2*r - 28117 = 0, 2*y + 10*r - 18732 = 5*r. Is y a composite number?
False
Suppose 32322 = 2*k - r, 4*k - 5652 = 3*r + 58992. Is k composite?
True
Suppose 8190 = -5*s + 14*s. Suppose 4*q - 6602 = -s. Is q prime?
True
Let y(z) = -77*z**3 + 3*z**2 - 14*z - 3. Let w(g) = 51*g**3 - 2*g**2 + 9*g + 2. Let u(c) = -8*w(c) - 5*y(c). Suppose 0*m - 4 = 2*m. Is u(m) a prime number?
True
Let i = 8733 + -1664. Is i prime?
True
Let v(a) = -17733*a + 8. Is v(-1) composite?
True
Let o(y) = 2*y - 16. Let d be o(8). Suppose -4*r + 288 = -d*r + 4*f, 0 = -3*f + 3. Is r prime?
True
Suppose k - 6*t = -t + 31479, -t = 5*k - 157343. Is k a composite number?
False
Suppose -4*s + 504 = -20. Is s prime?
True
Let i(r) = 313*r**2 + 2*r - 5. Let q be i(3). Let j = q - 1757. Is j a composite number?
False
Suppose -801 = -4*z - 3*i, -2*i = 5*z - 6*i - 978. Suppose g = 4*g + z. Let j = g + 103. Is j a prime number?
True
Let h(l) = -363*l. Let u be h(1). Let g = 571 + u. Let p = g + 49. Is p a composite number?
False
Suppose r + 41 = 3*h - r, 3*h - 3*r = 45. Suppose 1 = -3*f - h. Is f/(-6) + (-387)/(-27) a composite number?
True
Let q be 1810/(-14) - (-6)/21. Let c be (-13636)/(-36) - -1 - 10/(-45). Let v = c + q. Is v a composite number?
False
Suppose 2*v = -5*f - 489, 3*v + 2*v + 3*f + 1232 = 0. Let u = 1486 - v. Is u prime?
True
Let c be (48/(-56))/(2/(-7)). Suppose -3*j + 12 = 3*u, -j - c*u + 20 - 8 = 0. Suppose -h + 145 - 30 = j. Is h a prime number?
False
Suppose 0 = -3*l - 4*b - 4, 7*b - 2*b = 4*l - 36. Is (7 - 4)/(l/(0 - -148)) composite?
True
Let h = 67 + -77. Is (205/h)/(2 - 58/28) a prime number?
False
Let w(b) = 6309*b. Let v be w(-1). Is (v/6)/((-5)/10) composite?
True
Let i = -175 - -1165. Let w = i - -65. Is w prime?
False
Is 9257*(-3 - 48/(-6)) a prime number?
False
Let j be (2 - (-3)/6)*2. Suppose 2*w = j*w - 12. Suppose 2*p + 4*n = 1386, w*p - 423 = -3*n + 2369. Is p composite?
False
Let x(t) = -6*t - 2*t + 0 - 2. Let z be 6 - (-2 + 4 + 5). Is x(z) a prime number?
False
Let o = 167 - 318. Let f = 227 + o. Suppose j + 3*j = f. Is j a prime number?
True
Let m be 4 + 0 - 184/(-8). Suppose 8*s - 11*s = -m. Let d(h) = h**3 - 6*h**2 + 10. Is d(s) prime?
False
Suppose -742 - 456 = -v. Is v a composite number?
True
Let p(o) = -4*o + 10 + 4*o - o**3 + o - 5 - o**2. Let z be p(0). Let h(t) = -t**3 + 7*t**2 + 3*t + 2. Is h(z) composite?
False
Suppose -846 - 135066 = -24*w. Is w prime?
False
Suppose -3 = -2*o + o. Suppose 4*d - 900 = -d.